**3/2 - 5*q**2/2 + q + 1. List the prime factors of b(-2).
5, 7
Suppose 4*j = 5*u - u - 159368, -119536 = -3*u - 2*j. List the prime factors of u.
2, 7, 1423
Suppose -40*v + 105 = -19*v. Suppose -v*t = -4*w - 0*t + 1798, 8 = -4*t. What are the prime factors of w?
3, 149
Let g(u) = u**3 - 9*u**2 - 16*u + 12. Let s be 240/(-25) + 13/5 + -2. Let w be ((-9)/s)/((-1)/(-11)). What are the prime factors of g(w)?
2, 3, 13
Let f(m) = 3*m**2 + 100*m - 68. Let z be f(-34). Suppose -o - 5*h = -1179, z*o - 4750 = -4*o - 3*h. List the prime factors of o.
29, 41
Let a(q) = -7451*q - 66. What are the prime factors of a(-1)?
5, 7, 211
Let l(b) = 3*b**2 + 1. Let m be l(-1). Suppose -425*q = -2*h - 424*q + 2049, 3*h - q = 3071. Suppose -11*n + h = -m*n. List the prime factors of n.
2, 73
Suppose 14*i - 40 = 2. Suppose 2 + i = h. What are the prime factors of (14/(-6))/(h + (-380)/75)?
5, 7
Let k(m) = m**2 + 171*m + 10904. What are the prime factors of k(0)?
2, 29, 47
Suppose 5*m + 2080 - 819 = y, 0 = -5*y - 4*m + 6392. Suppose -2*c - 2430 - y = -5*g, 3*g - 2208 = -4*c. List the prime factors of g.
2, 5, 37
Let i(n) = -1 + 3*n - 15*n + 23. Suppose 13326 - 13554 = 12*q. List the prime factors of i(q).
2, 5
Let f = -182 + 186. Suppose 177 = -f*c + 437. List the prime factors of c.
5, 13
Let d(r) = -r**3 - 6*r**2 - 10*r - 16. Let p be d(-4). Let x(f) = -34*f - 36. Let v(w) = 33*w + 35. Let a(h) = 5*v(h) + 6*x(h). List the prime factors of a(p).
271
Suppose -19*n + 24*n = -15. What are the prime factors of (-11)/44*-206 - n/(-2)?
2, 5
Suppose -62*h + 283141 = -3*h. What are the prime factors of h?
4799
Suppose 5*w - 1076 = 4*g, 4*g + w - 5*w = -1080. Let b = 390 + g. What are the prime factors of b + 5 + (-2 - -1)?
2, 3, 5
Suppose -36*z + 41*z = -15. Let c(i) = -68*i - 3. What are the prime factors of c(z)?
3, 67
Let b(s) = 1191*s**3 - s**2 + 311*s - 940. List the prime factors of b(3).
32141
Let j(a) = a**2 - 12*a + 36. Let d be j(8). Suppose n = 3*n - d*r - 708, 4*n = -3*r + 1372. What are the prime factors of n?
2, 173
Let c(k) = -4*k**2 - 12*k + 8. Suppose -4 + 16 = 4*y. Let h(r) = 3*r**2 + 12*r - 7. Let x(t) = y*h(t) + 2*c(t). What are the prime factors of x(-16)?
59
Suppose 6*f = -g + 5852 + 7670, -13522 = -g + f. What are the prime factors of g?
2, 6761
Let v(w) = -81*w**3 + 2*w**2 + w. Let c be v(-1). Let u = 5702 - 5770. Let p = c + u. What are the prime factors of p?
2, 7
Let s = -82 - 37. Let b = 283 + s. Suppose 0*z = 2*z - b. What are the prime factors of z?
2, 41
Suppose 4*o = j + 39273, -5553*j = 5*o - 5551*j - 49088. What are the prime factors of o?
2, 4909
Let l(o) = -2*o**3 + 2*o**2 - 2*o + 161. Let z be l(0). Suppose -7 - z = -4*g. List the prime factors of g.
2, 3, 7
Let h(m) = 2*m**2 + 2*m - 17. Let s = 74 - 67. Suppose -3*j - s = 11. What are the prime factors of h(j)?
43
Suppose 4*k - 14 = l, -2*k + 4 = -l - 2. Suppose i - 52 = l*a, 0 = 5*i - i - 2*a - 214. Let d = i + 60. What are the prime factors of d?
2, 3, 19
What are the prime factors of (10357 - (-24 - -50)) + -8 + 1?
2, 29, 89
Let k(x) = -3*x - 36. Let h be k(-13). Suppose n + 145 = 4*p + 44, -h*n = 5*p + 371. Let f = -79 - n. List the prime factors of f.
2, 19
Let c(s) = -s**2 + 31*s - 29. Suppose r + 5*d - 32 = -0*d, 2*r = 5*d + 4. What are the prime factors of c(r)?
199
Let j = -70 + 70. Suppose j*i + 2 = 2*i, d = 5*i + 267. What are the prime factors of d?
2, 17
Suppose 0 = -13*w + 7*w + 36. Suppose -n = n - w. Suppose -5*v - a + 2*a + 506 = 0, 4*a = -n*v + 322. List the prime factors of v.
2, 3, 17
Let f(o) = 114*o - 133. Let k(t) = -114*t + 135. Let a(j) = 7*f(j) + 6*k(j). What are the prime factors of a(5)?
449
Suppose 6*c - c = -5*q + 10395, 5*q = 2*c - 4130. Let w = c - 728. What are the prime factors of w?
3, 449
Let i = -174 - -200. Suppose -i*l = -10*l - 4928. What are the prime factors of l?
2, 7, 11
Let b(k) = 238*k + 14. Let c = 82 + -77. Let u be b(c). Suppose 972 = 5*l - l + 3*w, u = 5*l + w. What are the prime factors of l?
2, 3, 5
Suppose 2*v + 114354 = 5*j, 374*v - 370*v - 114342 = -5*j. What are the prime factors of j?
2, 5, 2287
Let l = 11153 - 10618. List the prime factors of l.
5, 107
Let m(l) = 3*l**2 - 34*l - 1286. What are the prime factors of m(-29)?
3, 13, 19
Let k(d) = -192*d - 105. Let g be k(-30). Suppose 5*i = 20*i - g. List the prime factors of i.
13, 29
Let v(k) = 2716*k + 296. List the prime factors of v(2).
2, 179
List the prime factors of -7 + ((55900/(-75))/43)/((-4)/6942).
3, 5, 401
Let z(m) = 13*m + 4. Let k = 21 - 19. Let u be z(k). Suppose -u = c - 95. What are the prime factors of c?
5, 13
Let y(d) = -58*d + 172. Let j be y(-12). Suppose -864*m + j*m - 1008 = 0. List the prime factors of m.
2, 3, 7
Let j(s) = -88*s + 2960. List the prime factors of j(-30).
2, 5, 7
Let g(r) = -r + 1. Let x be g(-14). Suppose 5*q + x = 0, -4*j = -3*q - 229 + 88. Suppose -5*m = j - 93. What are the prime factors of m?
2, 3
Suppose 12*f - 16*f - 5*x + 49819 = 0, 5*f - 3*x - 62283 = 0. What are the prime factors of f?
2, 3, 173
Let s be ((-2)/(-3))/((-1)/(-2))*33. Suppose s = 4*a - 0. List the prime factors of a.
11
Let u be (9 - 8) + (-37)/(-1). Suppose 94 + u = 3*x. Suppose x*z = 45*z - 149. What are the prime factors of z?
149
Let d(s) = 71*s**2 - 238*s - 36. List the prime factors of d(-14).
2, 13, 331
Let h(b) = 39*b**2 - 70*b - 12. Suppose -5*j + 1 = -4*j - 3*a, -37 = -5*j - a. What are the prime factors of h(j)?
1409
Let u(f) = -f**2. Suppose 0 = b - 4 - 0. Let z(p) = -5*p**2 + 5*p - 1. Let s(c) = b*u(c) - z(c). What are the prime factors of s(9)?
37
Let r be (-2 + -1 + -1846)*61/(-61). Let f = 2945 - r. List the prime factors of f.
2, 137
Let z(l) = -21*l + 55. Let u be z(2). Let b(i) = 8*i**2 + 6*i + 54. What are the prime factors of b(u)?
2, 7, 53
Suppose -21650 = -2*w - 4*j, -4*w - 33*j + 43279 = -32*j. What are the prime factors of w?
31, 349
Let g = -519 - -505. List the prime factors of -2062*(g/70 - 6/20).
1031
Let j(i) = 9*i**2 - 50*i - 9. Let f be j(6). Let l(a) = -14*a**3 + a**2 + a + 2. Let r be l(-2). What are the prime factors of (-2 - f/(-3)) + (r - 5)?
2, 3, 19
Let t be (-1)/(3 + (-104)/35). Let d be (-4085)/t - 7/((-196)/8). Suppose -45 = -2*o + 5*z + d, -5*o + 359 = -z. What are the prime factors of o?
71
Let i(g) = -g**3 + 22*g**2 + 23*g + 4. Let a be i(23). Suppose -2*o = -a*l + 324, -4*o = -0*l - 5*l + 657. Let w = o - -244. List the prime factors of w.
2, 19
What are the prime factors of 934*(-2868)/(-56) - 49/343?
2, 23917
Suppose 115*l - 649053 - 328908 = 770499. List the prime factors of l.
2, 3, 7, 181
Suppose -4*k = 13*k - 136357. List the prime factors of k.
13, 617
Let y = -1688 - -1158. Let u = y - -206. Let d = 456 + u. List the prime factors of d.
2, 3, 11
Suppose 2*b + 2*p = -1322, -1991 = 3*b + 3*p - 2*p. List the prime factors of 68/(5/(b/(-14))).
2, 17, 19
Suppose -21 = -5*u + n, n + n - 8 = 0. Let h be 4/(-10) + (36/u)/3. List the prime factors of h/(-2*2/(-316)).
2, 79
Let q = -240 + 244. Suppose 10 - q = 3*y, 0 = 2*t - 2*y - 858. List the prime factors of t.
431
Let u(q) = -1821*q - 2889. List the prime factors of u(-7).
2, 3, 31, 53
Let s be (6 - 10)/((-2)/1316). Suppose s + 420 = 7*v. What are the prime factors of v?
2, 109
Let y(k) = -k**2 - 7*k + 14. Let a be y(-8). Let c(l) = -14 + 7*l - 8*l + a*l. What are the prime factors of c(6)?
2
Let n = -36 - -54. Let j = 16 - n. List the prime factors of (-4)/j*2/((-20)/(-505)).
101
Suppose -4*t + 4948 + 3601 = h, 0 = 3*t - h - 6403. Suppose t = 9*r - 3*r. What are the prime factors of r?
2, 89
Let m = -3 - -6. Suppose 0 = 3*z - 5*w - 220, m*z - 2*w - 73 = 159. Suppose 11*r - z = 10*r. List the prime factors of r.
2, 5
Let i = -192 + 212. What are the prime factors of 1900/i - (1 + 0)?
2, 47
Let h = -196 - -201. Suppose 6*y = -2*u + 5*y + 1101, -4*u + h*y + 2195 = 0. List the prime factors of u.
2, 5, 11
Let j = -165 - -55. Suppose 3*b - 408 = b. Let u = b + j. List the prime factors of u.
2, 47
Suppose 5*k - 80230 = 58155. List the prime factors of k.
13, 2129
Let c(v) = 453*v - 14. Let p = 277 + -276. List the prime factors of c(p).
439
Let o(i) = -3*i**3 + 18*i**2 + 20837. List the prime factors of o(0).
67, 311
Suppose 0 = -3*q + s - 186 - 496, -924 = 4*q - 5*s. Le